late the highest common divisor of a and 24.
8
Suppose -160 = -4*p - 2*t, 153 = 4*p + 4*t - 15. Calculate the greatest common divisor of 247 and p.
19
Suppose 0 = 3*h - 5*c - 311, 4*c - 570 = -5*h + 2*c. Suppose 0 = y - 5*y + h. Suppose -5*v + y + 17 = 0. What is the greatest common divisor of v and 54?
9
Suppose 0 = 4*a - 0*a - 64. Let h(j) = j**3 - 16*j**2 + j - 17. Let d be h(a). Let u be (4 - d)*6/15. What is the greatest common factor of u and 10?
2
Suppose 0 = -3*m + 2*m + 3*r + 93, 0 = 3*r - 6. Suppose c = 2*c - 132. Let k be c/12 - (0 - -2). Calculate the highest common factor of m and k.
9
Suppose 50*y + 36 = 54*y. What is the highest common factor of y and 36?
9
Let h be (7/(-2))/(1 + 290/(-280)). What is the highest common divisor of 2 and h?
2
Suppose -57*n + 55*n = -66. Suppose -5*b - x + 6*x + 1310 = 0, 0 = -4*b - 4*x + 1064. Calculate the greatest common divisor of b and n.
33
Let v = -744 - -764. Calculate the greatest common factor of 110 and v.
10
Let x be 154/3 - (-4)/(-3). Calculate the highest common divisor of x and 30.
10
Let b be 6/4 - (75/(-10) + 4). Suppose 0 = 2*v - 83 - 27. Calculate the highest common divisor of b and v.
5
Let i be ((-6)/(-4) + -2)/((-18)/2268). Suppose -12*z + i = -11*z. What is the greatest common divisor of 27 and z?
9
Suppose 0 = 9*f - 17 - 28. Let p(m) = -m**3 + 6*m**2 + 7*m + 2. Let b be p(f). Calculate the greatest common divisor of b and 155.
31
Let q be 2*8606/60 + 118/885. Calculate the highest common factor of 41 and q.
41
Let s = 51 + -59. Let v be (1 + 2*(-36)/s)*10. Calculate the highest common divisor of v and 40.
20
Let z = -539 + 611. Calculate the greatest common divisor of z and 180.
36
Let u be -4*(-2 - (-26)/(-8)). Calculate the highest common divisor of u and 203.
7
Suppose -21 - 19 = -4*l. Suppose -l*s - 2*s = -72. Calculate the greatest common factor of s and 15.
3
Let w be ((33/(-4))/(-11))/((-1)/(-4)). What is the highest common factor of 3 and w?
3
Let x be (-2)/5 + (-36)/(-15). Let u be -70*((-1 - x) + 2). What is the highest common divisor of u and 10?
10
Let v be (-3)/4 + 1 - 1615/(-20). Let a = 7 - 3. Let q be a/(-14) - (-382)/14. Calculate the greatest common factor of q and v.
27
Suppose -5*m + 4*q + 207 = 0, -84 = 3*m - 5*m + q. What is the greatest common factor of m and 989?
43
Suppose -44*m = -87*m + 559. What is the greatest common divisor of 1625 and m?
13
Let y(j) = j**3 - 14*j**2 + 20*j - 1. Let o be y(13). What is the greatest common factor of o and 80?
10
Let t be 4 + -7 + 271 + 2. Suppose 5*s + t = 2*o, -5*o = 4*s - 548 - 127. Calculate the highest common factor of 15 and o.
15
Let f be 2/3*21/2. Suppose 3*a - 8 - f = 0. Suppose -a*t + 3*d + 140 = 0, -t = t - d - 56. What is the greatest common divisor of 4 and t?
4
Let o(m) = -2*m - 11. Let z be o(-12). Suppose 5*q = -3*d + 75, -z = d + 4*q - 31. Calculate the highest common factor of 270 and d.
30
Suppose -5*g + 8*g = 1653. Suppose -5*a + g = -i, -a + 3*a + 3*i = 217. Calculate the highest common divisor of 10 and a.
10
Suppose w = 35 - 10. Suppose -w - 11 = -4*f. What is the greatest common factor of 1 and f?
1
Suppose -8*z - 33 = -4*w - 7*z, -2*w - 5*z = -11. What is the highest common divisor of w and 312?
8
Let r be (-2 - (1 + -5 + 0)) + -1. Let q be r*55 - -1*(-3 + 2). Calculate the highest common factor of 6 and q.
6
Let g = 163 + -55. Let m = g - 72. What is the greatest common divisor of m and 4?
4
Suppose r - 6 = -3. Suppose -r*c + 390 = 39. What is the highest common divisor of c and 78?
39
Let f be 3276/(-54)*(-60)/8. What is the greatest common divisor of 70 and f?
35
Let m = -6 - -11. Suppose r + 4*j - 140 = 0, 4*r = 3*r + m*j + 167. Let n = r + -64. What is the highest common factor of 22 and n?
22
Let g = 197 + 131. What is the highest common divisor of 123 and g?
41
Let g(f) = 2*f**2 + 33*f + 170. Let l be g(-8). Calculate the highest common divisor of 221 and l.
17
Suppose 9*w - 295 = 200. Calculate the greatest common divisor of 55 and w.
55
Let x(b) = -b**2 + 9*b + 18. Let f be x(10). Suppose 4*j = -m - 2 - f, -3*j = m + 14. Let g = -22 - m. What is the greatest common factor of g and 4?
4
Suppose -2*d + 2*p = -404, -d + 2*p = -6*d + 1003. What is the greatest common divisor of 268 and d?
67
Suppose -30 - 294 = -3*k. Suppose 8*y + 75 + 141 = 0. Let j(p) = -p**2 - 29*p - 42. Let x be j(y). Calculate the highest common factor of x and k.
12
Let u be (-42)/(-11) - 8/(-44). Suppose 2*y = y - u. Let m be (-1)/(-4)*(-112)/y. Calculate the highest common divisor of 56 and m.
7
Suppose -687 = -2*z - 3*x + 2*x, 0 = 5*z - 5*x - 1725. Calculate the highest common divisor of z and 129.
43
Let c = -301 - -303. Calculate the greatest common divisor of c and 8.
2
Suppose 2*o + i = 238, 2*i + 0*i = 5*o - 577. Let j = o + -92. Calculate the greatest common factor of 175 and j.
25
Suppose 18*a = 291 + 1293. Suppose n - 7 = 2*u, -4*u = -3*n - 7*u + 30. Suppose -y - n + 31 = 0. Calculate the highest common factor of a and y.
22
Suppose -56 - 70 = 9*n. Let b = n + 21. Calculate the highest common divisor of b and 70.
7
Suppose 14*q + 2*g = 17*q - 1138, -g = 2*q - 761. What is the greatest common divisor of 20 and q?
20
Let y = 5 - 13. Let p = y - -11. What is the highest common divisor of 15 and p?
3
Let f(x) = 2*x + 8. Suppose w - 4 = 0, 4*q = -w + 43 - 15. Let s be f(q). What is the greatest common factor of 220 and s?
20
Let u be (2/1)/4*8. Suppose 2*m - 64 = 2*d - 3*m, d - 5*m = -42. Let v = -12 - d. Calculate the highest common factor of v and u.
2
Let i be (-1 - 14/(-6))/((-12)/306). Let t be 10/(30/i + 2 - 1). Calculate the highest common factor of t and 34.
17
Suppose 67*t - 75*t = -1056. Calculate the highest common factor of 55 and t.
11
Suppose 9*u + 4478 - 410 = 0. Let x be 2/(-15) + -2 + u/(-15). Calculate the highest common factor of 21 and x.
7
Suppose -4410 = -11*c - 31*c. What is the greatest common divisor of c and 1680?
105
Suppose -3*v + 646 = 2*q, v + 32*q - 212 = 28*q. Calculate the highest common factor of v and 8.
8
Let z(p) = -2*p**3 - 8*p**2 + 4*p - 15. Let r be z(-5). Suppose 5*f = 8*f - 105. What is the greatest common factor of f and r?
5
Let i be 5*1 - (-2)/(10/125). What is the highest common divisor of i and 6?
6
Let c be -90*((-226)/52 - 84/546). What is the greatest common divisor of 216 and c?
27
Let o(k) be the first derivative of 17*k**2/2 + 15*k - 5. Let i be o(-7). Let h = i - -182. What is the highest common factor of h and 26?
26
Let d be (-3 - -18)*(-24)/(-36). Let a be (-35)/10*20/(-7). Calculate the greatest common factor of d and a.
10
Let o be (-7)/((-28)/184) + 1*-4. What is the greatest common factor of o and 105?
21
Suppose 0 = -w - 2*w + 504. Suppose -14 = -4*m + 82. What is the highest common factor of w and m?
24
Suppose 0 = -5*n + 2*m + 145, -4*m = 21*n - 22*n + 29. What is the greatest common divisor of 116 and n?
29
Suppose 0 = u - 163 - 83. Let n be 4/(-26) - u/(-78). Let h be (-2 - -3) + (n - 1). Calculate the greatest common divisor of 12 and h.
3
Let k be 2/(2 - 4) - -22. Suppose -7*q + 747 - 159 = 0. Calculate the highest common factor of k and q.
21
Let t(p) = 8*p**2 + 3*p + 2. Let g be t(-1). Let l be 38/g + 24/42. Suppose 2*b - l*b = -140. Calculate the highest common divisor of 315 and b.
35
Suppose 3 + 16 = g. Suppose 0 = 7*o - 8*o + 38. Calculate the highest common divisor of g and o.
19
Suppose -4*l + 2*f + 160 + 22 = 0, -2*f = -2. Calculate the greatest common divisor of l and 437.
23
Let m be 5 + 0*(-2 - -3). Suppose 5*p + s - 96 = 181, -2*p - m*s = -97. Let f be 4 + (-1 - 5/(-1)). What is the greatest common divisor of p and f?
8
Suppose g = 3*n - 11, 0*g = -4*g - 20. What is the highest common factor of n and 15?
1
Let n = -112 + 134. Suppose -7*l + 12*l - 3*h - 62 = 0, -3*h = -l + n. Let b be 24/(-3)*(-30)/8. Calculate the greatest common divisor of l and b.
10
Let u(k) = -3*k**3 + 154*k**2 - 78*k + 1394. Let w be u(51). Suppose -3 = -4*o + 65. What is the greatest common divisor of w and o?
17
Suppose -3*x - 3*v - 1 = -4*x, x + 5*v - 1 = 0. Let z = -15 - -17. Let u be (-99)/6*(-3)/(9/z). Calculate the highest common factor of u and x.
1
Suppose -30*b = -43*b + 624. Let p be (63/(-2))/((-9)/12). Let w = p + -18. Calculate the gre